uppose n + 0*n = 0. Suppose -6 + n = -3*v. Suppose -7*q + v*q = 3*p - 164, -q - 60 = -p. What is the units digit of p?
8
Suppose -c = 3*v + 7, 0 = -2*c + 2*v + 16 + 10. Let k be (c - 10)/((-1)/2). Let s(n) = 11*n - 1. What is the units digit of s(k)?
3
What is the units digit of ((-36)/16)/((-15)/3760*1)?
4
Suppose -33 = -9*y + 6*y. Let a(v) = 5*v - 20. What is the units digit of a(y)?
5
Let b be (-1)/2*10/5 - -8. Let i = 31 + b. What is the units digit of i?
8
Let h(d) be the first derivative of d**3/3 + 9*d**2/2 + 5*d + 2. What is the units digit of h(-11)?
7
Let j(z) = z + 222. What is the hundreds digit of j(-8)?
2
Suppose 25227 = 28*w - 2381. What is the tens digit of w?
8
Suppose -26 - 34 = -4*c + o, 3*o = 4*c - 68. Let b = c + 27. What is the units digit of b?
1
Suppose -7*c + 11*c = 376. What is the tens digit of c + -1*(-9)/6*2?
9
Suppose 0 = -3*d + 12, -d - 109 = 5*w + 3*d. Let g = 27 + w. Suppose -1 + 29 = g*m. What is the units digit of m?
4
Let p = -134 + 1224. What is the units digit of p?
0
Suppose 3*u + 22 = -2*q, u + 33 = -3*q - 3*u. Let p = q + 13. Suppose 3*r + p*g - 3 = 5, r - g = 1. What is the units digit of r?
2
Let l = -12 + 14. Suppose -t - l*t = -114. What is the units digit of t?
8
What is the tens digit of (12/(-8))/(30/(-16160))?
0
What is the units digit of -148 - -390 - (-1 - 0 - 3)?
6
Let s = 34 - 56. Let v = s - -6. Let t = v - -19. What is the units digit of t?
3
Let j be 3*-17 + (-2)/3*-3. Let m = 52 + j. What is the units digit of m?
3
Let f(w) = -4*w**3 + 7*w**2 + 66*w - 14. What is the units digit of f(-7)?
9
Suppose -269 = 4*b - 5*o, 2*b + o - 39 = -184. Let x = b - -144. What is the tens digit of x?
7
Let w(u) = 6*u + 25. Let t be w(-10). Let z = 17 - t. What is the units digit of z?
2
Suppose 51 = -2*a + m, 3*a = 5*m - 71 - 16. Suppose 181 = -3*w - 59. What is the tens digit of (-63)/(-6)*w/a?
3
Suppose 3*f = -2*g - 2*f + 160, 2*f + 160 = 2*g. Let v = g - -10. What is the tens digit of v?
9
Let u be 30/25*(-5)/(-3). Let w(y) = -y**3 - y**2 + 3*y + 1. Let a be w(-4). Suppose 0 = -u*n - 3*k + a, -4*n + 3*n = -5*k - 12. What is the tens digit of n?
1
Let a be 30/9 - (-12)/(-9). Suppose 0*l - a = 5*l - 4*t, 2*t = -3*l + 12. Suppose -5*f + u + 182 = -3*u, 0 = l*f - 3*u - 77. What is the units digit of f?
4
Let y = 16 + -50. Let f be -1*2*(3 - y). What is the tens digit of f/(-3) - (-7)/21?
2
Let m = 505 + -138. What is the hundreds digit of m?
3
Let a(d) = 4*d**3 - 9*d**2 - 9*d + 22. What is the hundreds digit of a(5)?
2
Suppose -3663 = -l - 8*l. Suppose -6*o = 5*o - l. What is the units digit of o?
7
Let r(p) = p**3. Let w be r(1). Let t be -2 + 8/(-4) + w. What is the units digit of (-6)/(-8)*(27 + t)?
8
Let r(w) = -17*w + 73. What is the tens digit of r(-13)?
9
Let s = 130 - 126. Suppose -s*u - n + 1211 = 0, -n = 5*u - 1836 + 322. What is the tens digit of u?
0
Let l = 792 + 347. What is the tens digit of 1*-6*l/(-51)?
3
Suppose 3*n - p - 418 = 55, 0 = 5*n - 5*p - 785. What is the tens digit of n?
5
Suppose 4*i = -5*t + 5*i + 528, -5*t - 3*i = -536. Let v = -35 + t. Let d = -36 + v. What is the tens digit of d?
3
Let c = -136 - -172. What is the units digit of c?
6
Let f(b) = -b**2 + 21*b + 17. Let w be f(22). Let r = w - -71. What is the units digit of r?
6
Suppose 5*m - 1871 = -4*x, -4*x - 4*m = 31 - 1907. What is the tens digit of x?
7
Suppose -78 = -6*m + 48. Suppose -m = 2*a - 5*g, -a - 4*g = 4*a - 30. Suppose -v = -4*y + 3*y - 56, 2*y - 100 = -a*v. What is the units digit of v?
3
What is the hundreds digit of 45969/36 + 7*(-10)/(-840)?
2
Suppose -f = 5*k, 5*f = f + 2*k. Suppose -5*z = -3*u + 751, f = 2*u - 4*z - 773 + 269. What is the units digit of u?
2
Let f(p) = p - 1. Let s be f(6). Suppose 3*v = j + 15, s = -3*v + 4*v. Suppose 0*z - 4*z - 3*c = -112, j = z - c - 28. What is the tens digit of z?
2
Suppose 335 = v + 2*t, -4*v + 11*t = 7*t - 1292. What is the tens digit of v?
2
Let l = 35 + 71. What is the tens digit of l?
0
Let a = 16 + -16. Suppose -4*w + 4*v - 88 = a, w - 3*v + 17 + 13 = 0. Let z = 42 + w. What is the tens digit of z?
2
Let n be (6/7)/(1/14). Suppose 0 = 5*c + z - 29, 9 = c - 0*z + z. Let r = n + c. What is the units digit of r?
7
Let w(v) = -2*v - 5. Let x be w(-4). Suppose 2*r = -k + 196, r + 3*k = -x*r + 390. Let j = r + -57. What is the units digit of j?
2
Let n be 2/(-4) - (-5)/(-10). Let h = 87 - n. What is the units digit of h?
8
Suppose 4*n - 547 + 99 = 0. Let m = -65 + n. What is the units digit of m?
7
Suppose -2*z + 2*o + 205 + 801 = 0, -3*o = 5*z - 2523. What is the hundreds digit of z?
5
Let p(w) = 23*w**2 + 3*w + 1. What is the tens digit of p(12)?
4
Suppose -2*s = -10 - 26. Let j be (s/(-4))/(30/(-40)). Suppose j + 6 = c. What is the units digit of c?
2
Suppose 157860 = 80*i - 5340. What is the hundreds digit of i?
0
Let r = 662 - -1740. What is the tens digit of r?
0
Let k(r) = -r + 2. Suppose -3*y = -2*s - 15, 0 = -6*y + y + 25. Let a be k(s). Suppose -n + 2*f + 15 = 0, 5*f - 30 = -a*n + 3*f. What is the tens digit of n?
1
Let k = 25 - 20. Suppose k*h = 4*h + 3*z + 112, -5*h - z = -528. What is the hundreds digit of h?
1
Let x(q) = 55*q - 220. Let h be x(4). Suppose 3 = -3*f + 21. Suppose h = -4*g, -f*g + g = 5*w - 375. What is the tens digit of w?
7
Let b(k) be the third derivative of -k**6/120 - 2*k**5/15 - k**4/3 - k**3 - 7*k**2. Let d be b(-8). Suppose -3*g + d = 16. What is the units digit of g?
4
What is the units digit of -5 + (-20)/(-2) + 16?
1
Let u(i) = 12*i**3 - 6*i**2 - i + 11. Let c be u(4). Let n = c + -479. What is the units digit of n?
0
Suppose 5 + 5 = -5*p. Let i = 1 - p. Suppose 2*j - 61 = -i*b, -6*j + 3*j = -5*b + 89. What is the tens digit of b?
1
Suppose 0 = 3*h - 9, -h + 71 = v + 3*h. Suppose -5*x + 400 = 4*w + v, 5*x = -2*w + 343. What is the units digit of x?
9
What is the units digit of ((-274)/3)/((-6)/9)?
7
Let c(z) = z**2 - z + 1. Let l(s) = s**3 + 12*s**2. Let w be l(-12). Suppose -4*k = -w*k + 12. What is the units digit of c(k)?
3
Suppose 23 = 5*u + 113. Let t = -13 - u. Suppose -4*z + t = -7. What is the units digit of z?
3
Let v(k) = k**3 - 7*k**2 + 3*k + 1. Let w be v(7). Suppose -u - 51 - 59 = -5*j, 0 = -j - u + w. What is the units digit of j?
2
Let u = -31 - -36. Suppose 0*l + u*l + 5*c = -30, -3*l + 2 = -c. Let d(v) = -48*v**3 + 2*v**2 + 2*v. What is the tens digit of d(l)?
4
Let k(z) = -z**2 + 4*z - 2. Let t be k(2). Suppose 2*v - 7 = 3*j, 5*v + t*j + 2 = 10. Suppose -4*w + 22 = -v*w. What is the tens digit of w?
1
Let g(m) = -6*m + 13. Let a(y) = -9*y + 20. Let l(x) = -5*a(x) + 7*g(x). Suppose 4*v - 8*v = -36. What is the units digit of l(v)?
8
Suppose 2*k - 4*p + 28 = -2*k, 19 = -2*k + 3*p. Let o be k/3 - 4/(-6). Suppose 4*m - 120 - 32 = o. What is the tens digit of m?
3
Suppose -105 = -d + 254. Suppose -5*v + d - 109 = 0. What is the tens digit of v?
5
Let g(z) = 403*z**2 + 7*z - 2. What is the tens digit of g(1)?
0
Let b(a) = -13*a**3 - 2*a**2 + 8*a + 10. Let v(z) = 7*z**3 + z**2 - 4*z - 5. Let f(s) = -6*b(s) - 11*v(s). What is the units digit of f(3)?
9
Suppose -7260 = -5*u - 7*u. What is the units digit of u?
5
Let l(z) = 4*z**3 + z**2 + 2. Let d be l(2). Let u = d + 18. What is the tens digit of u?
5
Let x(i) = i**2 - 4*i - 8. What is the tens digit of x(-15)?
7
Let a = -29 + 43. Suppose -5*t + 317 = -4*f, 3*f + 0*f = -2*t + 113. Suppose -t = -x + w, -x - 3*w + 67 = -a. What is the units digit of x?
6
Suppose -3*n = 12, -2*b - 40 = -6*b + 5*n. Suppose 2*c = b*c - 15. Suppose -139 = -c*m + 4*p, p + 3*p = -2*m + 50. What is the tens digit of m?
2
Let h be (-46)/(-2) + (2 - (-4)/(-1)). Suppose -2*p = 2*u + 30, -3*p - 2*u - 2*u = 49. Let d = h + p. What is the units digit of d?
0
Let o = -60 + 44. Suppose -5*u + 0*u + 270 = 0. Let i = o + u. What is the units digit of i?
8
Suppose 0 = -3*t - 3*r + 87, 5*t - 143 = 3*r - 6*r. Let b = t + -23. Suppose -b*a + 15 = o - 8, 4*a - 21 = -o. What is the tens digit of o?
1
Let v = -350 - -1815. What is the hundreds digit of v?
4
Let z = 9 + -16. Let v = -26 - z. Let o = v + 33. What is the units digit of o?
4
Let n = 22 - 18. What is the tens digit of (28 + -24)*46/n?
4
Suppose y - 16 = -1. Let u be 66/y + 4/(-10). Let r = u + 2. What is the units digit of r?
6
Suppose -4*b 